i) be the third derivative of -7*i**4/24 - 11*i**2. Let n = -4 - -7. Suppose n*t - 3 = -y + 8, -1 = 5*y + t. What is b(y)?
7
Suppose -n - 11 = 2*h + 3*h, n + h + 3 = 0. Let x(u) = 10*u**3 + u**2 - 1. Give x(n).
-10
Let i(d) = d - 2. Let w be i(4). Let k(m) = -4*m + 5. Determine k(w).
-3
Let w(b) = -b - 9. Let x(p) = -p**2 + 5*p - 1. Let o be x(2). Suppose 6*n = -5*m + n - 50, 35 = -o*m - 2*n. Calculate w(m).
-4
Suppose 0*x + 5*x + 4*c = -11, -5*c = -3*x - 14. Let r(h) be the second derivative of 1/2*h**3 - 1/12*h**4 - 1/20*h**5 - h - 2*h**2 + 0. Calculate r(x).
5
Let u be ((-4)/8*0)/(2 + -1). Let y(i) = -4*i**3 - 4*i**2 - 7*i + 11. Let l(o) = -o**3 - o**2 - 2*o + 4. Let c(q) = 7*l(q) - 2*y(q). Calculate c(u).
6
Let z(n) = n - 3. Let b be z(7). Let f(a) = -2*a - 4*a**2 + 4*a**2 - b - a**2. What is f(-3)?
-7
Let x(b) = -b - 3*b - 2*b - 4*b**2 - 9 + 5*b**2. Determine x(7).
-2
Let j(h) = 2*h + 3. Let b be j(4). Let m = -11 + b. Let o(r) = -14*r**3 + 14*r - 9. Let g(s) = 5*s**3 - 5*s + 3. Let p(y) = -11*g(y) - 4*o(y). Calculate p(m).
3
Suppose c = -3*c. Let q(n) = n**3 + 3. Let z be q(c). Let x(r) = -4*r + 6*r**2 - 4 - 3*r**2 + 6*r - r**3. Calculate x(z).
2
Let t = -1 - -5. Let d = t + -9. Let x(q) = -1 - 4*q**3 + 0*q + 5*q**3 - 3 + 5*q**2 - q. What is x(d)?
1
Let k(m) = -18*m**2 - 9*m**2 - m + 26*m**2 + 0*m - 4. Determine k(-5).
-24
Let d(g) = g**3 - 5*g**2 - 5*g - 8. Suppose -8 = -3*t + 5*j + 1, 2*t - 1 = 5*j. Let w = -2 + t. Determine d(w).
-2
Let n(t) = 10*t. Let i(h) = -h. Let o(j) = -45*i(j) - 4*n(j). Let y be (-6)/15 + 64/10. Let v be (3/(y/(-4)))/2. Calculate o(v).
-5
Let t(b) = -7 + 2 + 6 + 6*b - b**2. Calculate t(6).
1
Let j(c) = -c**3 - 6*c**2 - 6*c - 1. Let k = -19 + 14. Give j(k).
4
Let u = -28 - -39. Let m = u - 17. Let z(g) = g**3 + 7*g**2 + 5*g - 4. What is z(m)?
2
Let s(m) = m**2 - 10*m + 9. Let c = 77 - 70. Give s(c).
-12
Let b be 1*-2*(-2)/2. Let z(x) = -x**2 + x**2 + 2 + 2*x**b. Suppose -2*p + 4 = 0, 2*j - 3*p + 12 = 5*j. Calculate z(j).
10
Let t(j) = -5*j + 2*j + 0 + j + 1. What is t(-6)?
13
Let j(n) = n**2 + 4*n - 1. Suppose -v + 5 = -z + 1, 0 = z + v + 6. What is j(z)?
4
Let m be 1*(2 + -1 + 0). Let b(x) = -3 + x**3 + 5*x - 8*x**2 + m + 14*x**2. Determine b(-5).
-2
Let b(s) be the second derivative of s**5/20 - s**2/2 - 2*s. Suppose 4*a = 5*a. Determine b(a).
-1
Let m(a) be the third derivative of a**4/8 + a**3/3 + a**2. Let x(n) = n**3 + 17*n**2 + 18*n + 36. Let i be x(-16). Determine m(i).
14
Let f(t) = -2*t + 6. Let o = -16 - -22. What is f(o)?
-6
Let m(h) = -3*h - 4. Suppose -3*i - i = 16. Calculate m(i).
8
Suppose 0*u + 4*u + 12 = 0, -5*l + 16 = 3*u. Suppose -l*f = -f - 12. Suppose 2*o = -f*o. Let z(c) = -c + 4. Give z(o).
4
Let s(k) = 4*k + 6. Let o(t) = t**2 + 8*t - 4. Let a be o(-8). Give s(a).
-10
Let u(b) = b**2 + 7*b - 6. Suppose 2*p - 4*p = 12. What is u(p)?
-12
Suppose -2*j = 3*j - 5. Let x(a) = a**3 - 3*a**2 - a + 4. Let t(b) = b. Let p(s) = j*x(s) - 5*t(s). Determine p(4).
-4
Let j(p) = 4*p - 7*p**2 + 2 - 12*p**2 + 4*p + 27*p**2 + p**3. Determine j(-7).
-5
Let z(w) = w**3 - 5*w**2 - 6*w - 1. Let b be z(6). Let x be 2*(2 - 1/b). Suppose -3*p + x*p = 0. Let t(h) = h**3 + h**2 - h + 6. Determine t(p).
6
Let a = -6 - -13. Let n(g) = g**3 - 6*g**2 - 8*g + 4. Determine n(a).
-3
Let h(m) be the second derivative of m**4/12 + 2*m**3/3 - 2*m**2 + 7*m. Determine h(-5).
1
Let a be 7/(-2) - (-1)/2. Let j = 6 + a. Let w(t) = -3*t + 3. What is w(j)?
-6
Let b be (2 + 2/(-3))*3. Let w(h) = -h**3 + 8*h**2 - 4*h - 8. Let o(f) = -f**3 + 9*f**2 - 5*f - 9. Let u(c) = 3*o(c) - 4*w(c). Calculate u(b).
-7
Let t = 5 - 4. Let k(l) be the first derivative of -7*l**4/2 - 2*l**3/3 + l**2/2 - 35. Calculate k(t).
-15
Let p(k) = k**2 + 2*k - 5. Let v(g) = 1. Let x(s) = -p(s) - 5*v(s). What is x(-2)?
0
Let d(j) be the third derivative of j**6/360 + j**5/40 + j**4/8 + j**3/3 - 4*j**2. Let f(u) be the first derivative of d(u). Give f(-3).
3
Let f = 20 + -14. Let h(u) = -f*u - 9*u**2 - 1 + 7*u**2 + 0*u. Determine h(-4).
-9
Let u be (4 - (-22)/(-6))*6. Let n(m) = -8*m - m**u - 8*m + 20*m - 2*m. Give n(2).
0
Let k(h) = -9*h**3 - h**2 + 15*h + 3. Suppose 5*p + 4 = 4*p, -3*p + 2 = -2*d. Let s(q) = 4*q**3 - 7*q - 1. Let x(g) = d*s(g) - 3*k(g). Calculate x(4).
-2
Let q(w) = -w + 7. Let c = -16 + 16. What is q(c)?
7
Let n(s) = s**2 - s - 3. Let k be (-5 - (-7 - -3))*-8. Let h(d) = d**2 - 7*d - 5. Let i be h(k). Determine n(i).
3
Suppose -25 = -5*a + a + c, 5*c + 15 = -2*a. Suppose -1 = -3*s - a*f, 2*s - 2*f - 8 = 2*f. Let t(z) = 1 + 0 - 2 - z - 5*z**s + z**3. Determine t(5).
-6
Let o(x) = -x**3 - 10*x**2 + 10*x - 15. Let f be o(-11). Let z be 10/f*8/(-5). Let s(u) = 8 + u - 3 - u**2 - z*u. Determine s(-4).
1
Let q(g) be the first derivative of g**3/3 + 2*g**2 - 6*g + 8. What is q(-7)?
15
Suppose h = 1, 0*k - k = -h + 6. Let d(j) = 3*j**2 + 7*j. Let g(l) = -2 - 6*l**2 - 15*l + 1 - l**2. Let c(f) = 5*d(f) + 2*g(f). Give c(k).
-2
Suppose -3*x + 4*j + 6 = 5*j, -x + j + 2 = 0. Let n(i) = i**x - 1 - 2*i**2 - 2*i - i - 3*i. Give n(-5).
4
Let p(f) = -f**2 - 9*f - 6. Let i be p(-7). Let h(w) = -3 + i - 3*w + 2*w**2 + 10*w - w**2. Give h(-4).
-7
Let h = -10 + 11. Let o(l) = -h - l**2 + 0 - 15*l + 19*l + 4. What is o(3)?
6
Let v(g) = -g**2 + 3*g + 2. Let d be v(5). Let h(j) = -j**2 - 8*j + 1. Determine h(d).
1
Let k(a) be the second derivative of -a**7/420 + a**6/180 + a**5/120 - a**3/6 + 3*a. Let n(x) be the second derivative of k(x). Calculate n(-1).
3
Let b(p) = 3*p**2 - 3*p - 1. Let q = 29 + -26. What is b(q)?
17
Let v(i) be the first derivative of -13*i**2/2 + 11. Calculate v(-1).
13
Let h(j) = -2 + 3*j**2 + 4*j**2 - 6*j - 9. Let v(c) = -5*c**2 + c + 3. Let a(g) = g**2 + g + 1. Let w(y) = 2*a(y) + v(y). Let m(o) = 2*h(o) + 5*w(o). Give m(3).
3
Suppose 3*n = -4*r + 39, 2*n = r - 0*n - 7. Let v be (-86)/18 - 2/r. Let j(a) = -a**3 - 5*a**2 - 2*a + 6. Give j(v).
16
Suppose 0 = 5*n - 0*n + 35. Let y(j) = j + 6. Let d be y(n). Let x = 3 - d. Let v(f) = -f**2 + 5*f + 3. What is v(x)?
7
Let b be 2*-1 - (-3 + -2). Suppose 0*s = s + 2*x - 10, -b*s + x = -2. Let h(j) = -j**2 - 3*j + 2. What is h(s)?
-8
Suppose 41 - 10 = 5*a - h, 2*h - 16 = -3*a. Let v = a + -1. Let t(q) = q**3 - 5*q**2 - 2. Calculate t(v).
-2
Let o = 6 - 4. Let s(k) = 4*k + 2*k**o + 3 + 0*k**2 - k**2. Let t be -2*5*5/25. Determine s(t).
-1
Let w(l) = -l**3 + 4*l**2 - 3. Let x be w(4). Suppose -o - 3 = -7. Let a(g) = 2 - 2*g + 0*g + o*g. Give a(x).
-4
Let v = -123 + 123. Let n(f) = -4*f - f**3 + 5*f - f**2 - 10 - 2*f. What is n(v)?
-10
Let h(p) be the third derivative of 0 - 2*p**2 + 1/12*p**4 + p**3 + 0*p. Let c be -1*7 + (0 - -2). Calculate h(c).
-4
Let h be 1/3 - (-17)/3. Suppose 2 = 4*g - 2*o, -3*o = 2*g - 3 + h. Let a(x) = x**2 - 10. Give a(g).
-10
Suppose 3*j = -3 - 6. Let t(y) be the first derivative of -y**2 - 3*y - 1. Calculate t(j).
3
Let l = 1 + -2. Let n(d) = d**2 + 5*d - 10. Let z be n(-7). Let o(j) = 0*j - z*j + 2*j + 5*j. Give o(l).
-3
Let z be 4/(-12)*(-17 + -1). Suppose 4*i = 0, -z = 2*p + 3*i - 2. Let g(q) = -q**2 - q. Calculate g(p).
-2
Let b(d) = 0*d**3 + 728*d - 5 - 729*d + 6*d**3 - 5*d**3 - d**2. Determine b(0).
-5
Let m(o) be the first derivative of o**3/3 + 9*o**2/2 + 9*o - 24. What is m(-9)?
9
Let t(u) = u**3 - 7*u**2 - 6*u - 10. Let r = -51 + 59. Determine t(r).
6
Let b(r) = r. Let a(i) = i**2 + 6. Let m be a(0). Determine b(m).
6
Let l(o) = o + 1. Let h(w) = -1 + 2*w + 10 + 2*w + 0. Let f(v) = h(v) - 5*l(v). Let n = 9 + -5. Calculate f(n).
0
Let x(p) = -p**2 + 0*p**2 + 11*p**3 + 0*p**2 + 1 - 19*p**3. Determine x(1).
-8
Let a(v) = -9*v**2 - 3*v - 7 + v**2 + 0*v - 5*v - v**3. Calculate a(-7).
0
Let c = -3 - -1. Let g(x) be the second derivative of x**7/2520 - x**5/120 - x**4/12 - 2*x. Let m(b) be the third derivative of g(b). Give m(c).
3
Let p(v) = -v**3 + 4*v**2 + 2*v - 4. Suppose 2*q - 10 = -4*t, 3 = 5*t + 2*q - 12. Give p(t).
-19
Suppose 0*b = 5*b - 20. Suppose 0 = 5*o - b - 6. Let g be -2*(-1)/o + -7. Let i(j) = -j**3 - 6*j**2 - 2*j - 9. Give i(g).
3
Let b(n) = -n**2 - 5*n - 4. Let r be b(-3). Let q(j) = -j + 5*j + 4*j**2 - 5*j**2 - 1 + 0*j**r. Give q(5).
-6
Let u(h) be the second derivative of -1/20*h**5 - 5/12*h**4 + 9/2*h**2 + 4/3*h**3 + 0 - 7*h. What is u(-6)?
-3
Le